What is the ten millions digit of 345059203?
4
What is the ten millions digit of 57828815?
5
What is the hundred thousands digit of 21999051?
9
What is the ten thousands digit of 39607305?
0
What is the hundreds digit of 432375493?
4
What is the thousands digit of 2569799075?
9
What is the units digit of 47836691?
1
What is the units digit of 41898384?
4
What is the tens digit of 88119276?
7
What is the hundreds digit of 75088335?
3
What is the units digit of 1307956407?
7
What is the units digit of 685291302?
2
What is the thousands digit of 55840224?
0
What is the ten millions digit of 1130010205?
3
What is the ten millions digit of 3023516600?
2
What is the thousands digit of 254842842?
2
What is the units digit of 1491107494?
4
What is the tens digit of 441019380?
8
What is the thousands digit of 113650314?
0
What is the units digit of 53236382?
2
What is the hundred thousands digit of 1006965865?
9
What is the millions digit of 14352469?
4
What is the billions digit of 1837626714?
1
What is the hundreds digit of 97961008?
0
What is the ten thousands digit of 2197322?
9
What is the hundreds digit of 32744125?
1
What is the units digit of 170585574?
4
What is the tens digit of 134816445?
4
What is the thousands digit of 838443674?
3
What is the hundreds digit of 33013814?
8
What is the thousands digit of 371695943?
5
What is the hundred millions digit of 704181776?
7
What is the hundreds digit of 33286774?
7
What is the ten thousands digit of 55143420?
4
What is the ten millions digit of 2708260482?
0
What is the thousands digit of 1512845624?
5
What is the billions digit of 3409628994?
3
What is the hundred thousands digit of 2173073577?
0
What is the millions digit of 6811353?
6
What is the hundred thousands digit of 4157836508?
8
What is the ten thousands digit of 87620104?
2
What is the thousands digit of 561621692?
1
What is the thousands digit of 1095587318?
7
What is the hundred millions digit of 811247306?
8
What is the millions digit of 68838087?
8
What is the ten millions digit of 231976343?
3
What is the hundred thousands digit of 1033468769?
4
What is the millions digit of 3268674501?
8
What is the hundred thousands digit of 42592652?
5
What is the hundred thousands digit of 3075623817?
6
What is the hundred millions digit of 3868085864?
8
What is the ten thousands digit of 281711963?
1
What is the tens digit of 2035406086?
8
What is the units digit of 352855938?
8
What is the ten millions digit of 2207454318?
0
What is the millions digit of 183450495?
3
What is the millions digit of 4521504850?
1
What is the hundred millions digit of 4566901411?
5
What is the units digit of 311590041?
1
What is the tens digit of 766649685?
8
What is the thousands digit of 58713331?
3
What is the hundred millions digit of 359869295?
3
What is the hundreds digit of 131226480?
4
What is the hundred millions digit of 6354340856?
3
What is the hundred thousands digit of 574715190?
7
What is the hundreds digit of 26876550?
5
What is the ten millions digit of 621866219?
2
What is the millions digit of 110719270?
0
What is the hundred millions digit of 117472621?
1
What is the thousands digit of 7137941953?
1
What is the hundreds digit of 1418889778?
7
What is the thousands digit of 128752033?
2
What is the hundreds digit of 166561902?
9
What is the hundreds digit of 277452510?
5
What is the ten millions digit of 1491540565?
9
What is the hundred thousands digit of 125316511?
3
What is the thousands digit of 19934695?
4
What is the tens digit of 106002300?
0
What is the millions digit of 35518829?
5
What is the ten thousands digit of 22395855?
9
What is the millions digit of 41853816?
1
What is the tens digit of 258624825?
2
What is the ten thousands digit of 179222949?
2
What is the ten thousands digit of 85820673?
2
What is the hundred thousands digit of 1738526861?
5
What is the hundreds digit of 99107301?
3
What is the hundred millions digit of 1778655823?
7
What is the ten thousands digit of 22995648?
9
What is the ten millions digit of 14460311?
1
What is the hundreds digit of 2723066?
0
What is the tens digit of 53215768?
6
What is the units digit of 331612611?
1
What is the ten thousands digit of 3210420207?
2
What is the tens digit of 1905350548?
4
What is the thousands digit of 472866189?
6
What is the millions digit of 212839857?
2
What is the hundred thousands digit of 111368590?
3
What is the hundred millions digit of 2703587113?
7
What is the units digit of 1087304393?
3
What is the hundred thousands digit of 4319902895?
9
What is the hundred thousands digit of 2227996871?
9
What is the millions digit of 234203007?
4
What is the thousands digit of 2132246464?
6
What is the hundred millions digit of 899513686?
8
What is the hundred thousands digit of 2529708007?
7
What is the millions digit of 296802451?
6
What is the hundred thousands digit of 99811954?
8
What is the hundreds digit of 320486552?
5
What is the units digit of 8814090?
0
What is the hundred millions digit of 165021446?
1
What is the millions digit of 397255418?
7
What is the hundred thousands digit of 188737198?
7
What is the tens digit of 491365373?
7
What is the ten thousands digit of 65223904?
2
What is the units digit of 70563491?
1
What is the millions digit of 1252852865?
2
What is the hundred thousands digit of 1248136664?
1
What is the thousands digit of 91609535?
9
What is the hundreds digit of 11531886?
8
What is the tens digit of 8561891?
9
What is the ten thousands digit of 310483105?
8
What is the thousands digit of 517934343?
4
What is the millions digit of 122478973?
2
What is the ten millions digit of 118510115?
1
What is the millions digit of 2963255751?
3
What is the units digit of 1575638?
8
What is the millions digit of 133300335?
3
What is the thousands digit of 434509704?
9
What is the hundred millions digit of 165195594?
1
What is the tens digit of 922444911?
1
What is the hundred millions digit of 296313030?
2
What is the hundred thousands digit of 630428593?
4
What is the ten thousands digit of 71218442?
1
What is the units digit of 2175372?
2
What is the tens digit of 3520125816?
1
What is the hundred thousands digit of 5880170?
8
What is the units digit of 73063713?
3
What is the ten thousands digit of 569496535?
9
What is the ten thousands digit of 18768136?
6
What is the ten thousands digit of 96228750?
2
What is the units digit of 5588177509?
9
What is the thousands digit of 194841775?
1
What is the hundreds digit of 2814265995?
9
What is the tens digit of 17387391?
9
What is the thousands digit of 15634996?
4
What is the ten millions digit of 162807820?
6
What is the thousands digit of 5272524?
2
What is the tens digit of 771215232?
3
What is the tens digit of 4366789187?
8
What is the tens digit of 29060534?
3
What is the tens digit of 38297230?
3
What is the ten thousands digit of 26007236?
0
What is the millions digit of 3185526193?
5
What is the thousands digit of 19760197?
0
What is the tens digit of 188651785?
8
What is the hundred millions digit of 124125078?
1
What is the tens digit of 56166213?
1
What is the hundred thousands digit of 131257240?
2
What is the ten thousands digit of 96634546?
3
What is the thousands digit of 1367627818?
7
What is the hundreds digit of 121558301?
3
What is the hundred millions digit of 127966378?
1
What is the units digit of 644614729?
9
What is the hundred thousands digit of 132617381?
6
What is the units digit of 89371918?
8
What is the thousands digit of 113331873?
1
What is the millions digit of 181231387?
1
What is the hundred thousands digit of 40978824?
9
What is the millions digit of 158133268?
8
What is the units digit of 23080158?
8
What is the ten millions digit of 220775786?
2
What is the ten thousands digit of 63288896?
8
What is the ten thousands digit of 23834784?
3
What is the tens digit of 630169616?
1
What is the tens digit of 3676100628?
2
What is the thousands digit of 421094496?
4
What is the tens digit of 35182611?
1
What is the hundred millions digit of 1453504519?
4
What is the tens digit of 872410817?
1
What is the hundred thousands digit of 1734495874?
4
What is the hundred millions digit of 136758429?
1
What is the units digit of 10999766?
6
What is the units digit of 1170